 c(t) = 2*t**3 - 13*t**2 + 16*t - 10. Determine c(5).
-5
Let c(l) = -86*l + 1. Determine c(1).
-85
Let b(u) = -u**3 - 13*u**2 + 12*u - 25. Calculate b(-14).
3
Let c(h) = h**3 - 25*h**2 + 23*h + 19. What is c(24)?
-5
Let j(f) = -4*f**2 + 6*f + 2. Calculate j(5).
-68
Let q(z) = -z**3 - 12*z**2 + 11*z - 29. Determine q(-13).
-3
Let l(m) = 3*m - 6. Give l(0).
-6
Let l(w) = -w**3 + w**2 + 7*w - 1. Give l(4).
-21
Let l(p) = p**3 - 14*p**2 - 13*p - 24. Determine l(15).
6
Let u(f) = -f - 35. Determine u(-28).
-7
Let y(q) = -q**3 - 6*q**2 - 5*q + 19. Determine y(-4).
7
Let t(o) = o**3 + 16*o**2 + 2*o + 21. Give t(-16).
-11
Let h(y) = -y**2 - 5*y + 8. Calculate h(-10).
-42
Let m(p) = -p**2 + 5*p + 8. Give m(-2).
-6
Let g(k) = k**2 + 11*k + 12. What is g(-10)?
2
Let r(d) = -d**2 - 6*d - 17. Calculate r(-5).
-12
Let s(k) = -k**2 - 8*k - 10. Determine s(-7).
-3
Let q(h) = 11*h - 58. Calculate q(9).
41
Let j(z) = -3*z + 15. Give j(8).
-9
Let m(a) = -5*a + 78. What is m(13)?
13
Let r(h) = -2*h - 2. Calculate r(2).
-6
Let i(x) = x**3 + 16*x**2 - 2*x - 20. Determine i(-16).
12
Let p(c) = c - 11. Give p(-9).
-20
Let x(q) = -8*q**2 - 3*q + 2. Determine x(1).
-9
Let f(n) = n**3 + 4*n**2 - 5*n. Give f(-5).
0
Let z(n) = -14*n - 156. What is z(-10)?
-16
Let m(s) = -s**2 - 2. Give m(3).
-11
Let p(c) = -c - 1. What is p(-6)?
5
Let d(t) = 2*t - 6. Calculate d(14).
22
Let h(x) = -4*x - 15. Calculate h(-5).
5
Let d(y) = -5*y**2 + 38*y + 28. Calculate d(8).
12
Let r(t) = 65*t**2 - t + 2. Calculate r(1).
66
Let l(q) = -19*q**2 - 2*q - 1. Give l(-2).
-73
Let t(r) = -r**3 + 5*r**2 - 18. Determine t(5).
-18
Let r(k) = 10*k - 28. Give r(4).
12
Let g(y) = 5*y + 4. Give g(-8).
-36
Let a(x) = -x - 7. Determine a(-10).
3
Let s(c) = 4*c - 11. Determine s(9).
25
Let l(s) = -s**3 - 15*s**2 - 17*s - 33. Calculate l(-14).
9
Let u(i) = -i**3 - 2*i**2 - i + 1. Give u(-2).
3
Let g(x) = 18*x**2 + x + 1. What is g(-1)?
18
Let j(y) = y**3 - 4*y**2 + 2*y - 3. Give j(4).
5
Let m(y) = -7*y - 6. What is m(5)?
-41
Let c(i) = i**3 + 5*i**2 - 3*i - 1. Calculate c(-4).
27
Let m(y) = -y**3 + 10*y**2 - 8*y - 1. Calculate m(8).
63
Let x(l) = l + 27. Determine x(-16).
11
Let f(c) = -c**2 + 2*c + 1. Calculate f(2).
1
Let d(h) = h**3 + 6*h**2 + h + 6. Determine d(-6).
0
Let o(y) = y**2 + 13*y. Give o(-10).
-30
Let f(h) = -h**2 + 32*h - 244. Determine f(12).
-4
Let w(c) = -26*c**3 + 2*c**2 + c - 2. Determine w(1).
-25
Let y(g) = 35*g + 23. Give y(-2).
-47
Let l(h) = h**2 - 7*h. What is l(6)?
-6
Let d(q) = q**2 + 15*q - 20. Calculate d(-12).
-56
Let i(q) = -25*q. Calculate i(-2).
50
Let d(k) = -15*k - 63. Calculate d(-6).
27
Let a(c) = -c**3 - 2*c**2 + 5*c - 5. Give a(2).
-11
Let u(g) = -2*g**3 + 2*g**2 - g - 1. Give u(2).
-11
Let i(w) = w**3 + 9*w**2 - 9*w - 8. Calculate i(-10).
-18
Let w(c) = -6*c**2 - 3*c + 18. Calculate w(2).
-12
Let d(y) = y**2 - 9*y - 12. Determine d(13).
40
Let l(p) = -p**2 + 2*p + 34. Give l(0).
34
Let u(g) = -g**2 - 12*g + 17. What is u(-13)?
4
Let o(r) = -r - 1. Give o(2).
-3
Let j(b) = -b**3 + 10*b**2 + 10*b + 7. Determine j(11).
-4
Let r(d) = -6*d - 49. Give r(7).
-91
Let o(g) = 12*g - 280. Calculate o(23).
-4
Let n(r) = 94*r - 6. Give n(1).
88
Let b(s) = s**3 + 18*s**2 - 20*s - 12. Give b(-19).
7
Let t(q) = -q**3 - 4*q**2 + 6*q - 3. What is t(-5)?
-8
Let o(g) = g**3 - 4*g**2 - 6*g - 10. What is o(5)?
-15
Let n(u) = 3*u**2 + 2*u - 3. Determine n(-3).
18
Let y(n) = n**2 - 7*n - 29. Calculate y(14).
69
Let m(n) = -n**3 + n**2 - 8*n + 36. Calculate m(4).
-44
Let s(z) = -78*z + 62. What is s(1)?
-16
Let i(l) = -l**3 + l**2 + 5*l - 1. Give i(-2).
1
Let z(h) = -h**3 + h**2 + 7*h - 12. Calculate z(4).
-32
Let p(m) = -m**3 + 12*m**2. Calculate p(12).
0
Let w(t) = -36*t + 1590. Calculate w(44).
6
Let d(m) = -m**2 + 13*m - 1. Determine d(14).
-15
Let m(a) = 3*a + 1. Calculate m(-1).
-2
Let y(h) = -h**3 + 9*h**2 - 5*h + 5. What is y(8)?
29
Let q(g) = -5*g**2 - 3*g + 8. Determine q(2).
-18
Let w(n) = n + 56. Calculate w(11).
67
Let v(f) = -4*f**2 - 3*f + 2. Determine v(2).
-20
Let g(x) = x**3 - 18*x**2 + x - 18. What is g(18)?
0
Let b(p) = p**3 + 29*p**2 - p - 28. Calculate b(-29).
1
Let v(d) = 2*d**2 + 11*d - 5. Determine v(-6).
1
Let w(i) = -i - 1. Calculate w(7).
-8
Let y(z) = -z + 51. What is y(35)?
16
Let q(v) = -v**3 + 3*v**2 - 6*v + 2. Give q(4).
-38
Let l(a) = 2*a**3 + 39*a**2 - 22*a - 53. Calculate l(-20).
-13
Let s(c) = 8*c + 31. Calculate s(-4).
-1
Let c(d) = d**3 - 13*d**2 - 13*d - 18. Give c(14).
-4
Let v(x) = -36*x - 9. Give v(4).
-153
Let a(r) = -41*r**2 + 2. Calculate a(1).
-39
Let y(s) = -73*s**2 + 3*s + 1. Calculate y(-1).
-75
Let g(l) = -2*l + 9. Calculate g(6).
-3
Let w(r) = -r**3 + 6*r**2 - 7*r + 4. Give w(5).
-6
Let c(q) = -3*q**2 + 11*q - 12. Determine c(5).
-32
Let u(p) = -30*p**3 + p**2 - p. What is u(1)?
-30
Let k(h) = h**3 + 7*h**2 - 4*h - 1. Determine k(-6).
59
Let q(k) = -17*k + 115. Determine q(8).
-21
Let s(w) = w**2 - 6*w + 3. Determine s(7).
10
Let y(i) = 3*i**2 + 12*i + 5. Calculate y(-6).
41
Let t(r) = -4*r**2 - 20*r + 5. What is t(-5)?
5
Let j(d) = -2*d - 17. What is j(-11)?
5
Let b(v) = v**3 - 5*v**2 + 5*v. Give b(4).
4
Let y(a) = -6*a - 75. What is y(-12)?
-3
Let l(o) = -o**3 + o**2 + o + 20. What is l(0)?
20
Let x(v) = v**3 + 6*v**2 + 3*v - 8. Determine x(-5).
2
Let v(k) = k**2 - 11*k - 37. Calculate v(14).
5
Let k(p) = -9*p**2 - 208*p - 15. What is k(-23)?
8
Let v(p) = p**2 + 14*p - 14. Give v(-12).
-38
Let t(d) = -d**2 - 19*d + 167. Calculate t(-25).
17
Let i(l) = 8*l + 52. What is i(-6)?
4
Let k(m) = -m**2 - 3*m + 41. Give k(-8).
1
Let m(k) = k**2 + 3*k - 1. Calculate m(2).
9
Let a(r) = 12*r - 141. What is a(12)?
3
Let t(q) = q**2 + 24*q + 40. Determine t(-24).
40
Let s(f) = 3*f**2 + 147*f + 146. Give s(-1).
2
Let w(l) = -l**3 - 12*l**2 - 3*l - 42. What is w(-12)?
-6
Let s(a) = -a**3 - 4*a**2 - a + 8. Give s(-4).
12
Let j(f) = f**2 + 7*f + 1. Determine j(-7).
1
Let q(k) = k - 21. Calculate q(15).
-6
Let o(j) = 8*j**2 + j - 2. Determine o(1).
7
Let v(b) = -4*b + 95. Give v(24).
-1
Let x(j) = -6*j**3 + j - 1. Give x(1).
-6
Let u(z) = -z**2 - 31*z - 164. Calculate u(-7).
4
Let h(a) = a**3 - 51*a**2 + 47*a + 161. Give h(50).
11
Let p(z) = z**2 - 6*z + 5. What is p(6)?
5
Let j(c) = c**2 + 3*c + 1. Calculate j(-5).
11
Let o(q) = q + 2. Determine o(-2).
0
Let u(z) = -4*z + 7. What is u(-3)?
19
Let s(c) = -c**2 - 58*c + 3261. Calculate s(-93).
6
Let v(c) = -12*c + 144. What is v(10)?
24
Let z(l) = l**2 - 12*l + 6. Calculate z(15).
51
Let b(r) = -r**2 + 22*r - 57. Give b(18).
15
Let q(k) = k**2 - 9*k + 25. Give q(8).
17
Let s(k) = k**3 + 31*k**2 - 2*k - 64. What is s(-31)?
-2
Let q(u) = -u**3 + 2*u**2 + 6*u - 1. Give q(6).
-109
Let z(l) = -l**3 - 16*l**2 - 3*l - 1. Give z(-16).
47
Let z(s) = s**3 - 13*s**2 - 14*s - 16. Calculate z(14).
-16
Let i(a) = -3*a + 8. Give i(9).
-19
Let r(y) = -2*y**2 + 3*y + 2. What is r(2)?
0
Let i(a) = 2*a**2 - 21*a - 6. Give i(11).
5
Let m(k) = k**3 + 8*k**2 + 12*k - 10. Calculate m(-6).
-10
Let j(q) = q**2 + 13*q - 58. Calculate j(-17).
10
Let j(m) = m + 13. Calculate j(-10).
3
Let r(a) = 2*a**2 + 5*a - 34. What is r(-6)?
8
Let l(n) = 4*n + 3. What is l(-4)?
-13
Let d(p) = -5*p**2 + 3*p - 6. What is d(3)?
-42
Let y(j) = 5*j**2 - 2. Give y(-2).
18
Let k(b) = -8*b**2 - 305*b - 33. What is k(-38)?
5
Let y(u) = 2*u**2 + 11*u + 12. Calculate y(-5).
7
Let m(k) = 11*k - 58. What is m(8)?
30
Let f(y) = 4*y**3 - y**2 - y. Give f(-1).
-4
Let m(o) = o**2 + 8*o + 6. What is m(-10)?
26
Let r(o) = 2*o**2 - 13*o + 1. Give r(6).
-5
Let n(l) = l**3 + 8*l**2 - 6*l - 29. What is n(-9)?
-56
Let y(x) = x**2 + 13*x - 9. Determine y(-10).
-39
Let t(i) = -i + 69. Determine t(0).
69
Let a(w) = w + 5. Give a(-11).
-6
Let i(v) = v**2 + 8*v + 11. What is i(-11)?
44
Let g(q) = -q**2 - 7*q - 5. Give g(-5).
5
Let s(v) = v**3 - v**2 - 18*v - 7. Give s(-4).
-15
Let b(o) = -o**3 - 11*o**2 - 33*o - 9. Calculate b(-5).
6
Let u(z) = z**3 + 8*z**2 + 4. Determine u(-4).
68
Let g(d) = -d**3 + 34*d**2 + 3*d - 100. What is g(34)?
2
Let t(o) = -5*o + 8. Give t(14).
-62
Let z(k) = -3*k**2 + 35*k + 42. Determine z(13).
-10
Let b(q) = -3*q - 5. Give b(-6).
13
Let z(m) = 22*m + 36. Determine z(-2).
-8
Let h(l) = -l**3 + 2*l**2 + 9*l - 9. Give h(3).
9
Let b(u) = 40*u - 